w(v) = v**3 + 12*v**2 + 12*v - 2. Let y be w(-9). Let b = y + -130. Calculate the greatest common factor of b and 2.
1
Suppose 0 = 4*d - 4, 2*d = -g + 32. Let j(o) = -9*o**3 - 4*o**2 - 2*o + 6. Let u be j(-2). Let y = u + g. Calculate the greatest common divisor of y and 12.
12
Let j = 330 + 260. Calculate the highest common factor of 177 and j.
59
Let k = -465 + 486. What is the highest common divisor of 112 and k?
7
Let g(v) = 10*v + 30. Let y be g(-2). Let h = -4 - -1. Let d be 516/y + h/5. What is the greatest common factor of 17 and d?
17
Suppose 576 = 40*x - 664. What is the highest common divisor of x and 62?
31
Let t = 9 - 6. Suppose 0 = t*b - 1 + 7, -4*n - 5*b - 182 = 0. Let r = n - -67. Calculate the greatest common factor of 16 and r.
8
Suppose 0 = 3*c + 227 - 251. Let y(n) = 4*n - 4. Let h be y(4). What is the highest common divisor of h and c?
4
Let f be 1 + -1 - (0 + -18). Let h be 8/(-6) - (-1824)/72. What is the greatest common factor of h and f?
6
Suppose 2*c + 126 = 5*c. Calculate the highest common divisor of c and 12.
6
Suppose q - i - 18 = 0, -3*q + 16 = 4*i - 59. Calculate the highest common factor of 112 and q.
7
Let x(f) = -f**3 - 19*f**2 + 24*f + 110. Let r be x(-20). Calculate the greatest common factor of 50 and r.
10
Suppose -112*q = -104*q - 640. What is the greatest common divisor of q and 48?
16
Let b = -4 - -6. Let p = -6 + b. Let c be (-128)/(-7) + p/14. Calculate the highest common factor of c and 6.
6
Let v(t) = -t**3 - 2*t**2 + 5*t + 3. Let d be v(-4). Let z(k) = k**2 + 33*k + 27. Let l be z(-36). What is the greatest common factor of d and l?
15
Suppose 5*n + 3*l - 214 = 89, -5*n = -4*l - 296. Suppose 7*a - 4*a - n = 0. Let t(g) = g**2 + 60. Let r be t(0). Calculate the highest common factor of r and a.
20
Let g = 1424 + 576. Calculate the greatest common divisor of 80 and g.
80
Let o = 2372 + -2353. Calculate the greatest common divisor of o and 304.
19
Suppose 9*i + 753 = 96. Let y = -59 - i. Calculate the greatest common factor of y and 70.
14
Suppose 0*z - 594 = -27*z. What is the greatest common factor of 451 and z?
11
Suppose -2*u - 8 + 2 = 0, -4*u = 5*h - 33. Suppose -3 = -2*x - 1. Let w be x*42 + 0 + 3. What is the greatest common factor of w and h?
9
Suppose -w + 634 = 5*n + 80, 3*w + 5*n - 1662 = 0. Let k = w + -155. Let g = k - 284. What is the highest common divisor of g and 23?
23
Let h = 24 - 21. Suppose 2*v + v + h*i - 117 = 0, 3*i - 151 = -4*v. What is the highest common factor of v and 102?
34
Let b(n) = n + 11. Let f be b(-9). Suppose -5*i = -f - 8. Let m = 17 - 13. What is the highest common factor of i and m?
2
Let g(h) = -64*h - 159. Let p be g(-3). What is the highest common divisor of 1914 and p?
33
Suppose -4 - 21 = 5*u. Let p(y) = 2*y + 3. Let b be p(u). Let l be 453/7 - 2/b. Calculate the greatest common factor of l and 26.
13
Let d(m) = -m**3 - 12*m**2 - 8*m - 42. Let p be d(-12). What is the greatest common divisor of p and 36?
18
Let v(r) be the second derivative of r**3/6 + 11*r**2/2 - r. Suppose -345*d = -347*d. Let t be v(d). What is the highest common divisor of 99 and t?
11
Suppose -3*g = 33 + 108. Let r = g + 335. What is the greatest common divisor of r and 32?
32
Suppose -83 = -3*d + 2*o, 0 = 2*d - o - o - 58. Suppose 0 = 23*p - 63 - 52. What is the highest common divisor of d and p?
5
Let z = 29 - 19. Let g be z - 0 - (5 + -1). Suppose 0*d - 96 = -4*d. Calculate the highest common factor of d and g.
6
Suppose 5*v = -892 + 2492. Calculate the highest common divisor of 8 and v.
8
Suppose -7*q = -153 + 62. What is the highest common divisor of q and 208?
13
Suppose 5*l + 4*f = 8*l - 71, -2*l = 2*f - 38. What is the greatest common factor of 287 and l?
7
Let r(a) = 4*a**2 - 6*a + 4. Let t be r(-7). Calculate the greatest common factor of t and 22.
22
Let b(w) = 3*w + 14. Suppose -4*f = -8 - 0. Suppose -f*k = -k - 6. Let t be b(k). Calculate the greatest common divisor of t and 8.
8
Let q be (-33)/(-6)*48 + 6. What is the greatest common divisor of 36 and q?
18
Suppose 0 = -4*g + 161 + 7. Suppose -2*f = 2*d - g, -4*d + f + 20 = -59. What is the highest common factor of d and 140?
20
Let k(q) = -q**3 + 3*q**2 - q. Let y be k(2). Suppose t - z = 3, 3*z = 2*t - 7 + 1. Suppose t*x - 9*x + 96 = 0. Calculate the greatest common factor of x and y.
2
Suppose -4*f = 2*i - 368, 2*i = f + i - 86. What is the highest common factor of f and 15?
15
Let l = 1882 - 1852. What is the highest common divisor of 3930 and l?
30
Suppose 20*q + 676 = 46*q. Suppose -3*g - 5*b + 259 = 0, 2*g + b + 0*b = 161. Calculate the greatest common divisor of g and q.
26
Let l be 4/3*(-21)/(-2). Suppose -2 - l = -p. Let t be ((-20)/30)/(21/(-9) + 2). What is the greatest common divisor of t and p?
2
Let m be (-6)/(-10) - (-4)/10. Suppose 113 - 77 = 5*g + b, 0 = 4*b + 16. Calculate the greatest common factor of m and g.
1
Let x(a) = a**3 + 13*a**2 + 30*a + 6. Let n be x(-10). Let l be (-15)/(-45) + 118/n. What is the greatest common divisor of l and 20?
20
Let i = 5 - -5. Suppose 68 = 2*a + 2*a + 4*m, 0 = -2*m - i. Suppose -19*f + 1694 = -8*f. What is the greatest common divisor of a and f?
22
Let v be (-2)/6 - 117/(-27). Suppose 2*q = v*q - 10. Suppose -q*p - 4*a = -59, -14 = -4*p + 2*p - 4*a. What is the highest common factor of 75 and p?
15
Let n be (0 + -2)*(-475)/38. Let q be 9/63 + (-44)/14. Let o be q - (-17 + (3 - -1)). What is the greatest common factor of o and n?
5
Suppose -54*y - 32*y = -1978. What is the highest common divisor of y and 46?
23
Let q = -923 + 1001. Calculate the highest common factor of q and 858.
78
Let m(i) = i**3 + 6*i**2 + 2*i - 1. Let y be m(-5). Let r be 6/y - 130/(-7). Calculate the greatest common factor of r and 209.
19
Suppose 3*j - 187 = 3*h + 251, -j - 3*h + 134 = 0. Calculate the highest common factor of 11 and j.
11
Let d(m) = m**2 + m. Let g be 2*20/(-8)*-1. Suppose 4 = -2*f - 0*f, -a + 11 = -g*f. Let n be d(a). Calculate the greatest common factor of 2 and n.
2
Let f = 140 - 91. Suppose -6*m = -4*i - m + 72, 3*i - f = 5*m. Calculate the highest common divisor of 207 and i.
23
Suppose -10 = 2*g, 5*v = 17*g - 19*g + 25. What is the highest common factor of v and 133?
7
Suppose 0 = -1045*r + 1047*r - 936. What is the greatest common divisor of 676 and r?
52
Suppose 10*c = 5*c - 535. Let q = 123 + c. What is the greatest common divisor of q and 176?
16
Suppose -6 = -4*x + 26. Let j(q) = -4*q + 4. Let s be j(-2). Calculate the highest common factor of x and s.
4
Let l = -222 + 294. Calculate the greatest common factor of 3 and l.
3
Let a be (-8)/28 - (-382)/14. Let j be 1/(-4)*240/(-20). Calculate the greatest common divisor of a and j.
3
Let a(p) = -p**3 - 9*p**2 - 20. Let k be a(-7). Let u = -114 - k. What is the greatest common factor of 1 and u?
1
Suppose 3*c - 345 = -0*c. Let k(w) = -w**3 - w**2 + w - 6. Let f be k(-3). Let o be -2 - (390/(-8) + f/12). Calculate the greatest common divisor of c and o.
23
Let p be 92/7 - 45/315. Calculate the greatest common factor of 260 and p.
13
Let n be ((-1)/(2/7))/((-2)/4). Suppose -n*v = 4*v - 55. Calculate the highest common divisor of 80 and v.
5
Let a(d) = -25*d - 122. Let f be a(-6). What is the highest common factor of 6 and f?
2
Let n be (-10)/15*-27 - 1. What is the greatest common factor of 17 and n?
17
Let p be 5/(-10)*4 - -485. Suppose 2*h + 3*a = -2*h + p, -h + 117 = -3*a. Let l be (-15)/h + 514/16. Calculate the highest common factor of 4 and l.
4
Let q be -4*(-2 + (-20)/(-8)) + 13. Let v(x) = x - 9. Let j be v(q). What is the highest common factor of 18 and j?
2
Let q be 274/8 + 1/(-4). Suppose 89 = 5*x + h, -2*x + 3 + q = -h. Calculate the greatest common factor of x and 54.
18
Suppose -4 + 53 + 43 = 46*n. Let j(o) = -2*o - 12. Let m be j(-8). Suppose m*v - 6 = 2. What is the highest common factor of v and n?
2
Suppose -3*g - 16 = -4*z, -5*g - z = -8*g - 4. Suppose g = -0*j - 3*j + 150. What is the highest common divisor of j and 75?
25
Let w be 771/12 + -1 + (-3)/(-4). What is the greatest common factor of 1664 and w?
64
Let u be 5 + -1 - -4 - 3. Suppose -u*r = -v + 4*v - 21, -r = -5*v + 7. Let l = 96 + -63. What is the greatest common factor of r and l?
3
Let r = 13 - 15. Let a be 2/(8/20) + r. Suppose -2*u 